0. What is the remainder when w is divided by 27?
25
What is the remainder when (-4 - -9) + 5 + 1865/5 + -6 is divided by 196?
181
Let p = -8 + 39. Let t = 27 - p. What is the remainder when 19 is divided by 1/t - (-82)/8?
9
Let l(n) = 21*n**2 + 101*n + 5. Let k be l(-6). Let p = k + -113. Calculate the remainder when p is divided by 17.
8
Suppose 4*t - i + 10 = 0, 2*t + 5*i = 8 - 24. Calculate the remainder when (-10)/15 - 221/t is divided by 2*(4 - -6) + 5.
23
Suppose -2*d = -5*d + 30. Let k = 152 - -17. Calculate the remainder when (8 - 44/6) + k/3 is divided by d.
7
Let z be ((-4)/(-8))/((-1)/4). Let x = z - -5. Let k = -3430 + 3437. Calculate the remainder when k is divided by x.
1
Suppose 0 = -6*s + 9*s. Suppose 3*w - 22 - 185 = 0. What is the remainder when w is divided by -1 + s - (-13 + 0)?
9
Suppose 3*o - y - 332 = 0, 5*o - 580 = 96*y - 101*y. Calculate the remainder when 217 is divided by o.
105
Suppose 2*d = -3*c + 100, d = -48*c + 46*c + 50. Calculate the remainder when 1097 is divided by d.
47
Suppose -361 = -f + 266. Let s = f + -587. Let h = 227 - 31. What is the remainder when h is divided by s?
36
Let j(f) = -2*f**3 - 3*f**2 - 78*f - 95. Calculate the remainder when j(-7) is divided by 257.
219
Let m = -6863 + 7964. Calculate the remainder when m is divided by 156.
9
Suppose -3*z - 289 = 3*g - 853, -20 = -4*z. Calculate the remainder when g is divided by (-3 + 1005/6)*608/2128.
42
Suppose 32 = 3*z - 58. Suppose 22*x - 21*x = z. Calculate the remainder when x is divided by 8 + 0/(2 - 0).
6
Let w(a) = -a**2 + 10*a + 27. Let p be w(12). Let m(h) = -30*h + 111. Calculate the remainder when m(p) is divided by 5.
1
Calculate the remainder when 24176/40 + 7 + 4/(-10) is divided by 158.
137
Suppose 15*i = 23*i + 8*i - 6544. What is the remainder when i is divided by 108?
85
Calculate the remainder when -6*17030/(-60) + 4 is divided by 9.
6
Let s(o) = 256*o**2 - 49*o + 43. What is the remainder when s(1) is divided by 15?
10
Let y = -69 - -128. Let t = -221 - -232. Suppose 119 = 9*n + t. What is the remainder when y is divided by n?
11
Suppose -3*n + 13 = -2, 1132 = 3*d + 5*n. Suppose 16*q - 1775 = d. Calculate the remainder when q is divided by 46.
42
What is the remainder when 2623 is divided by 0 + 13 - (-171)/(-19) - -60?
63
Let d = 23 + -18. Let i(a) = a**2 + a - 3. Suppose 2*r - t + 53 = 212, 2*t + 84 = r. Calculate the remainder when r is divided by i(d).
24
Let v(d) = 8*d**2 - d - 2. What is the remainder when 5 + 38*(-16 + 19 - -2) is divided by v(3)?
61
Let n(k) = k**3 + 7*k**2 + 12*k + 66. Let u be ((-15)/9)/((-5)/(-18)). What is the remainder when n(u) is divided by 8?
6
Let y be 0*4/12 + 10. Suppose 4*u - y*u + 60 = 0. Calculate the remainder when 49 is divided by u.
9
Let i(f) = 16*f - 4 + 5*f + f**2 - 12*f. Calculate the remainder when i(-19) is divided by 9.
6
Calculate the remainder when (-104)/(-1)*(-22507)/(-2536) is divided by 66.
65
Suppose 5*b + 846 = -v + 2465, -5*b + 4*v = -1649. Calculate the remainder when b is divided by 202.
123
Let a be -1*5/50 - (-153)/30. Suppose -a*g = -3*k - 81 - 2, 0 = g - 4*k - 3. What is the remainder when 91 is divided by g?
15
What is the remainder when 866 is divided by -15 + 16 + (119 - 1) + 3?
12
Let l be (-210)/(-66) - ((-24)/44)/(-3). Suppose -4*x - 12 = 0, l*n + 0*n + 3*x = 750. What is the remainder when n is divided by 51?
49
Let n(t) = -139*t + 28. Let x be n(-5). Suppose 12*z = 825 + x. Calculate the remainder when z is divided by (3 - 123)/(-4) + -4.
25
Let l be (1/(-3))/(((-25)/870)/5). Let d = -56 + l. Calculate the remainder when 48 is divided by (((-2)/4)/((-3)/300))/d.
23
Suppose -187*d + 388*d - 8632 = 193*d. Calculate the remainder when d is divided by 179.
5
What is the remainder when (-159)/212 - 89798/(-8) is divided by 25?
24
Suppose -b + 28 = 4*n, 4*n - 79 = -2*b - 15. What is the remainder when 650 is divided by b?
2
Let r(j) = j**3 + 15*j**2 + 37*j + 228. What is the remainder when 160 is divided by r(-13)?
75
Suppose -y = 3*y - 2*q - 96, 5*y + 4*q - 107 = 0. What is the remainder when 1563 is divided by y?
22
Suppose 46*j = 50*j - 108. Suppose -j = -s - 2*r, -126 = -4*s + 3*r + 26. Calculate the remainder when s is divided by (-6)/39 + 158/13.
11
Let w be -2*((-228)/(-8))/3. Let a = 25 + w. Suppose -s = -41 + a. What is the remainder when 68 is divided by s?
33
Suppose 40*h + 370 = 50*h. Let a = 427 - 321. What is the remainder when a is divided by h?
32
Let n = -392 + 77. Let q = n - -324. Calculate the remainder when 76 is divided by q.
4
What is the remainder when 129 is divided by (9 - (-208)/4) + -6?
19
Suppose 0 = -o - 6*q + q + 32, 4*o - 68 = -5*q. Let w be 730/12 + 4/24. Suppose 114 = 5*d - w. Calculate the remainder when d is divided by o.
11
Let k = 51 - 9. Suppose 2*g = 5*a + 215, -4*a = g - 5*a - 106. Suppose -8*i + g = -i. Calculate the remainder when k is divided by i.
12
Let n = 12438 + -12431. Let t(w) = 32*w**3 + w**2. Suppose p + 18 = 3*b - 4*p, 6 = -2*p. Calculate the remainder when t(b) is divided by n.
5
Let o(i) = 48*i**2 + 5*i - 5. Let z be o(1). Suppose 42*h - z*h + 384 = 0. What is the remainder when h is divided by 37?
27
Calculate the remainder when 1205 is divided by (-4 - -3)/((-20)/(-2940)*-3).
29
Suppose 0 = 223*m - 227*m + 20. Suppose 7*x = 2*x, m*q = 3*x + 1345. What is the remainder when q is divided by 27?
26
Suppose -6*d + 722 + 362 + 1784 = 0. Calculate the remainder when d is divided by 69.
64
Let c be ((-25)/10)/((-169)/(-84) + -2). Let w = c - -218. What is the remainder when 79 is divided by w?
7
Suppose -43*n + 470 = -1035. What is the remainder when 2503 is divided by n?
18
Let v(a) = -a - 1. Let h be v(-1). Suppose -2*d + 269 + 251 = h. Suppose 8*r - 21*r + d = 0. What is the remainder when r is divided by 11?
9
Suppose 0 = -141*s + 136*s + 140. Calculate the remainder when (27/(-4))/((-1)/12) is divided by s.
25
Suppose 4*i = w + 4*w + 179, i = -4*w + 8. Suppose f = -3*f + 1432. Calculate the remainder when f/6*(4 - 1) is divided by i.
35
Let w(q) = 16*q + 364. Let l(n) = -n**3 - 11*n**2 - 3*n + 3. What is the remainder when w(-14) is divided by l(-11)?
32
Let a(z) = -2*z**3 - 12*z**2 + 115*z - 3. What is the remainder when 2/6 + 305/3 is divided by a(5)?
14
Suppose 3*a - 1702 = -85. What is the remainder when -4 + (-2)/3 + a/21 is divided by 17?
4
Suppose 74*k + 106*k + 948 = 3828. Suppose -2*u = -4*j - 22, -u = -0*j + 2*j - 15. Calculate the remainder when k is divided by u.
3
Suppose 0 = 4*k + n - 12, -n - 10 = -3*k - 1. Let a(s) = 3*s**3 + s**2 - 4*s + 6. Let d be a(k). Let f = d - 78. What is the remainder when 23 is divided by f?
5
Let m(p) = p**2 - 2*p - 5. Let v be m(-4). Suppose 4 = -i, -v = -5*q + 5*i + 16. Suppose -64 = -j - q*j. What is the remainder when 77 is divided by j?
13
What is the remainder when 6/5*12870/26 is divided by 150?
144
Let w(z) = -z**3 - 13*z**2 + 198*z - 155. Calculate the remainder when 1448 is divided by w(-24).
19
Let q(t) = t**2 - 6*t - 76. Let k be q(12). What is the remainder when 1 - (5 + k) - -109 is divided by 22?
21
Let s(k) = -k**2 - 41*k + 467. Suppose 2*l - 5*x + 53 = 4*l, 2*l + 4*x - 50 = 0. Calculate the remainder when s(8) is divided by l.
18
Suppose 11*h = 8*h + 12. Let n(v) = -32*v + 120. Let s(b) = -17*b + 60. Let k(p) = -3*n(p) + 5*s(p). Calculate the remainder when k(7) is divided by h.
1
Let o(j) = 69*j + 12804. Calculate the remainder when o(-144) is divided by 717.
0
Let m = 322 - 44. What is the remainder when m is divided by (-1)/3 - 24700/(-525) - 4/(-14)?
43
Let d(u) be the first derivative of 18*u**4 + 2*u**3/3 - u**2 + 29. What is the remainder when d(1) is divided by 16?
8
Let i = -19 - -41. Let y = -4775 + 4994. What is the remainder when y is divided by i?
21
Let c = 12493 - 9684. Calculate the remainder when c is divided by 175.
9
Suppose -145 = -2*h + 2*k + k, 3*h = -3*k + 255. What is the remainder when 1679 is divided by h?
79
Let p(x) = 8*x + 250. Let d be p(-21). Suppose -2*s + s = 70. Let n = s + d. What is the remainder when 45 is divided by n?
9
Let l(a) = -65*a + 12. Suppose 25*f - 125 = 24*f. Suppose -f = 3*p - 8*p + 5*i, -i + 149 = 5*p. Calculate the remainder when l(-2) is divided by p.
26
Let a = 2849 + -2679. What is the rema